 of 1/(46/15 + w/3)?
1
Let f(w) be the first derivative of -w**4/4 + 3*w**3 - 6*w**2 + 21*w - 56. What is the units digit of f(-7)?
9
Suppose -7*t - 4316 = 6*t. Let s = t + 549. What is the tens digit of s?
1
Let b = 291 + -39. What is the tens digit of (b/35 + -8)/(1/(-265))?
1
Let f(v) = 6*v - v**3 - 99 - 8 + 26*v**2 + 24. What is the units digit of f(25)?
2
Suppose -2*l + 5*l = 30. Let g be ((-1)/(l/16))/((-2)/190). Suppose 4*x + 2*a - g = 0, 3*x - 195 = -2*a - 80. What is the tens digit of x?
3
Suppose 2*a = 3*h + 3 + 4, 0 = 5*h - 5. Suppose -11 - 9 = -a*c. Suppose -124 + 0 = -c*d. What is the units digit of d?
1
Let h = -73 + 511. Let q = h + -206. What is the tens digit of q?
3
Suppose -5*l = 4*q - 7155 - 7444, 0 = 5*q + l - 18275. What is the hundreds digit of q?
6
Let n be ((6/9)/1)/((-14)/63). Let x = n - -5. Suppose 0*b - b = -x*k + 46, -70 = -2*k - 5*b. What is the tens digit of k?
2
Let l be 9464/18 + (666/81 - 8). Suppose 0 = f + 3, -2*x - l = 2*f - 1870. What is the tens digit of x?
7
Suppose 2*b - 4 = -3*h - 12, 0 = -3*b - 12. Suppose -11*u + 11 + 11 = h. What is the hundreds digit of ((-1*u)/(-4))/(11/3806)?
1
Suppose 67*s = -78*s + 376420. What is the units digit of s?
6
Let b(l) = -874*l - 4699. What is the hundreds digit of b(-36)?
7
Let f = 209 + 441. Suppose 3322 = 5*a + 9*x - 6*x, -a + 3*x = -f. What is the units digit of a?
2
Let i(d) be the first derivative of 23*d**3/3 - 3*d - 114. Let z = 2 + -4. What is the units digit of i(z)?
9
Suppose 11*a - 46211 + 7106 = 0. What is the thousands digit of a?
3
What is the hundreds digit of 6915*(-8)/(-6) - (-9 - -4)?
2
Let b = -1803 - -2262. What is the units digit of b?
9
Let w(g) = -177*g - 1006. What is the ten thousands digit of w(-73)?
1
Suppose -12*q - q + 65 = 0. Suppose 4*v + q*j - 2523 = 192, v - 679 = -j. What is the units digit of v?
0
Let i(u) be the first derivative of u**2/2 + 17. Let z be i(6). What is the units digit of -1 + z*3/9?
1
Let g(o) = 8*o + 37. Let z(a) = -8*a. Let r be z(-1). Let x be (-2)/8*1 + 34/r. What is the units digit of g(x)?
9
Let w(u) = 2*u**2 + 13*u + 35. Let d be 10/2*-1 + 0/(-2). Let x be 35*d/((-25)/(-2)). What is the tens digit of w(x)?
4
Let x be 3 + (-7)/((-28)/(-12)) + 271. Suppose a - 141 = x. What is the hundreds digit of a?
4
Suppose -4*v = 1 + 3, -o + 2*v + 290 = 0. Let g = o - 100. What is the tens digit of g?
8
Let r(q) = 83*q - 122 + 47 + 147*q - 198 + 25. What is the hundreds digit of r(9)?
8
Let x(h) be the first derivative of -h**4/4 - 28*h**3/3 + 85*h**2/2 + 62*h - 56. What is the tens digit of x(-31)?
1
Suppose -2*i = 3*q - 0*i + 21, -4*q = -5*i + 51. Let h = q - -17. Suppose h*c - 6*c = 4. What is the units digit of c?
2
Suppose 42640 = 2*o - 3*i - 24384, 134066 = 4*o + 3*i. What is the hundreds digit of o?
5
Let g(a) = -5*a + 7. Let p be g(12). Let h = 55 + p. What is the tens digit of h/(-9) - 6903/(-81) - 0?
8
Suppose 0 = -49*u - 109*u + 9403370. What is the units digit of u?
5
Let l = -279 - -59. Let m = l - -577. Suppose -5*p - m = -1222. What is the units digit of p?
3
Let z(k) = 65*k - 3. Let u be z(1). Suppose 0 = -x + 127 + u. What is the tens digit of x?
8
Suppose 5*j - 26530 = 5*m, -5*j + 10617 = -3*j - 3*m. What is the thousands digit of j?
5
Let n(q) = -q**3 + 28*q**2 + 37*q + 1. Let h be n(28). Suppose 691 = 8*x - h. What is the units digit of x?
6
Let p(f) = 59*f**2 + 79*f - 816. What is the units digit of p(11)?
2
Suppose -3*x + 5*f + 157896 = 0, 23630 = -x - f + 76262. What is the ten thousands digit of x?
5
Let q(l) = l**3 - 24*l**2 - 198*l - 31. What is the thousands digit of q(38)?
2
Let o = -172 - -150. Let t(a) = -a**2 - 29*a + 18. What is the units digit of t(o)?
2
Let v = 1301 + -1846. Let w = 59 - v. What is the hundreds digit of w?
6
Let d(m) = -130*m + 95. Let b be d(-15). Suppose 3*h + 3*n - 2043 = 0, -3*h + 6*n - 11*n + b = 0. What is the hundreds digit of h?
6
Let u(m) = 13*m + 21. Let d be u(6). Suppose -17*a = -14*a - d. Let c = -24 + a. What is the units digit of c?
9
Let h = 241 - 355. Let o = -41 - h. Let d = 95 - o. What is the tens digit of d?
2
Suppose 22*b - 105144 = -4*b. Suppose 16*x = 7892 + b. What is the tens digit of x?
4
Let d = -35 + 39. Suppose d*a + 4 = 32. Let g = a + 89. What is the tens digit of g?
9
Let i = -17169 + 25863. What is the units digit of i?
4
Let t(z) = -1547*z**3 + 8*z**2 + 5*z + 9. What is the tens digit of t(-3)?
3
Let o be (0 - (-3 + 0))/(-1). Let s(a) = -8*a - 17. Let y be s(o). Suppose -y*g + 485 = -2*g. What is the units digit of g?
7
Let p(r) = 168*r**2 + 26*r - 260. What is the thousands digit of p(10)?
6
What is the hundreds digit of 32606/35 + 2 + (-20)/(-50)?
9
Let c(d) = -d**2 - 24*d - 25. Let h be c(-20). Suppose -36*p - 17081 = -h*p. What is the hundreds digit of p?
8
Let n(j) = -j**3 + 14*j**2 - 25*j - 26. Let h(v) be the first derivative of -5*v**2/2 + v + 15. Let z be h(-2). What is the tens digit of n(z)?
6
Let m = 52 + -48. Suppose -m*r + 669 + 454 = -l, l = 5. What is the tens digit of r?
8
Let g(x) = -x**2 + 4*x + 8. Let j be g(5). Suppose 0 = l + i - 399, i = -j*l + 3*i + 1197. Suppose -20*u - l = -23*u. What is the tens digit of u?
3
Let g(b) = -940*b**3 - 2*b**2 + b + 1. Let q be g(-1). Let x = 2025 - q. What is the tens digit of x?
8
Let h(p) be the third derivative of -p**6/120 - p**5/5 + 5*p**4/6 + 25*p**3/6 - 38*p**2. What is the tens digit of h(-15)?
0
Suppose -4*c - i - 15 = 0, -2*c + 2*i + i = 11. Let w = c + -10. What is the units digit of (-245)/w + 3/2?
9
Let k(i) = -633*i - 1312. What is the hundreds digit of k(-3)?
5
Suppose 118 = 3*c - 4*p, -2*c = -3*c + 4*p + 50. Suppose 0 = -32*x + c*x + 848. Let d = x - -648. What is the tens digit of d?
2
Suppose -5*p + p + 20 = 4*l, 4*l + 8 = 3*p. Suppose p*k = -2*a + 3 + 7, 3*a + 3*k - 3 = 0. What is the units digit of (a/3)/(-2 - 0)*162?
1
Let o = 49097 - -17839. What is the units digit of o?
6
Let u(y) = 3*y**3 - 2*y**2 - 5*y - 3. Let d be u(-1). Let l be (1 + d)*(-36)/6. Suppose 0*p + l = 3*p, -366 = -2*s + 5*p. What is the hundreds digit of s?
1
Let p(b) = b**2 + 10*b + 15. Let f(r) = r**2 - 17*r - 20. Let y be f(20). Let w = y - 33. What is the units digit of p(w)?
4
Let n be ((-4)/10 - (-40)/100)/(-1). Suppose -41*j + 36*j + 1050 = n. What is the units digit of j?
0
Let t = 608 + 423. What is the units digit of t?
1
Let l(i) = -26*i + 30. Let t be l(1). Suppose 0 = -3*g - 12, w - 16 = -w + g. Suppose -2*s + 136 = -t*a, -5*a - 131 = 4*s - w*s. What is the units digit of s?
8
Suppose -12580510 - 14230690 = -360*b - 8668640. What is the thousands digit of b?
0
Suppose -71*t = -76*t - 1725. Let w = t - -493. What is the hundreds digit of w?
1
Let o = 487 - 243. Let c = -114 + o. Suppose -5*j + 5*h = 6*h - 226, -3*j = -5*h - c. What is the tens digit of j?
4
Suppose 5*y - 56977 = -2*j, 5*j + 7*y = 16769 + 125690. What is the hundreds digit of j?
4
Let d be (-238)/(-210) - (2 - (-28)/(-15)). Let z(n) = -2*n**2 - 2*n + 1. Let l be z(-2). What is the tens digit of l + (d/2)/(3/222)?
3
What is the ten thousands digit of (101616/(-4))/(-2) - 5*24/(-20)?
1
Let t be ((-30)/(-3) - 0)/(11 - 10). What is the units digit of 15/t*(-1324)/(-3)?
2
Let w be 1914/(8 + 58/(-8)). What is the hundreds digit of (3 + -2)/(2/w)?
2
Let o be (-482)/((-5)/(25/(-10))). Let v = o + 115. Let y = -51 - v. What is the tens digit of y?
7
Let l(p) = -16*p**3 + 4*p**2 + 9*p + 4. What is the hundreds digit of l(-3)?
4
Suppose 0 = -379*a + 355*a + 316128. What is the units digit of a?
2
Let w(y) = 564*y + 4. Let i = -11 - -12. Let f be w(i). Suppose 109 = p - 5*c + c, 5*p = -3*c + f. What is the units digit of p?
3
Let n(u) = u**3 - 3*u**2 + 4*u - 40. Let r be n(5). What is the units digit of 10774/r + 0 - 6/45?
9
Let a(q) = 7*q + 5. Let k(n) = 3*n - 1. Let v(d) = -2*a(d) + 10*k(d). What is the tens digit of v(26)?
9
Suppose 0*n + 74 = 2*n. Let o = -4141 + 4135. What is the hundreds digit of n*3 - 12/o?
1
Suppose -2*w + h = -3*w + 4, -w - 4*h + 13 = 0. Let r(i) = w - 1 + i**2 - 3*i**2 + 12 - 39*i. What is the units digit of r(-17)?
7
Suppose -5*x + 4*t = -245, -20 = -t + 5*t. What is the units digit of (2 - -566)/(-4)*x/(-10)?
9
Let i(q) = 2*q**3 - 198*q**2 - 488*q + 75. What is the hundreds digit of i(105)?
1
